0). Let v = i - -5922. Is v a prime number?
True
Is 3 - -165*43170/45 a prime number?
True
Suppose 141*n - 131594681 = -218*n. Is n composite?
True
Is 1853446 - (-12 - (-8 - 5))*3 composite?
False
Let k(i) = -24688*i**3 - 5*i**2 - 7*i - 1. Is k(-1) prime?
False
Let u(j) be the first derivative of -23*j**2 - 181*j - 77. Is u(-15) a composite number?
False
Suppose -4*u = -9 + 25, 20 = 4*n - u. Suppose 27*j - n = 29*j. Is 677*(-3)/j*(-14)/(-21) composite?
False
Suppose -5*m = -m - 8*m. Suppose m = -d - 373 + 1710. Is d a composite number?
True
Is (6/(-18))/(2/(-3149802)) a composite number?
True
Let j(o) = -849*o**2 - 20*o + 58. Let l be j(5). Let t = l - -31528. Is t a prime number?
False
Let q be 12*50/45*-3. Let c(x) = -x**2 - 66*x + 47. Is c(q) a prime number?
True
Let n(y) = -2*y - 6*y**3 + 7*y**3 + 9*y - 6 + 9*y**2. Let r be n(-8). Suppose -r*g + 4*g = 2*i + 882, -3*i = -g + 433. Is g prime?
False
Suppose 7 = t + 5*n, -5*t = 2*n - 3*n + 17. Let v(p) = 28*p - 7*p - 74*p + 31 - 101*p. Is v(t) prime?
False
Let z(x) = -4*x**3 - x**2 - 11*x - 27. Suppose 34 = -4*f - 0*t + 5*t, 54 = -4*f - 5*t. Is z(f) prime?
True
Let w(s) = 539*s**2 + 39. Let m be (4/(-3))/((-9)/(-27)). Is w(m) prime?
True
Let k = -41921 + 66894. Suppose 12419 + k = -16*w. Let y = -700 - w. Is y composite?
False
Let u(m) = m**2 + 5*m - 6. Let n = -2 + 5. Let z be u(n). Is 2/9 - (-4298)/z composite?
False
Let b(m) = 1752*m + 2477. Is b(100) prime?
True
Let c(z) = -138*z**3 + 6*z**2 - 4*z - 3. Let x(b) = 276*b**3 - 11*b**2 + 11*b + 7. Let v(o) = -5*c(o) - 2*x(o). Is v(2) a prime number?
True
Suppose -5*v + 2*w + 64439 = 0, 11*v = 15*v + 2*w - 51562. Is v composite?
False
Let w(d) = -22*d**2 + 4*d - 1. Let s(j) = 5*j**2 - 16*j**2 - 6*j**2 - 1 + 4*j - 5*j**2. Let u(g) = -3*s(g) + 2*w(g). Is u(10) a prime number?
True
Suppose -36717 = -4*w + j, -2322 - 16037 = -2*w + j. Suppose 3*t = -5*y + 6468 + w, 4*y = 5*t - 26103. Is t a composite number?
True
Suppose -18*w = -13*w. Suppose w = -5*l - 163 + 11843. Let r = l - 1459. Is r prime?
True
Suppose -4*x = -0*g - 4*g + 137616, x - 275223 = -8*g. Is g a prime number?
True
Suppose 0 = 4*y - 3*y + 5*o - 11977, 3*y + 4*o = 35887. Let u(x) = -y + 11949 + 8*x + 15*x. Is u(13) prime?
False
Let k(o) = 190 + 76*o**2 - 62 - 24 - 11*o - 63 + 86*o**2. Is k(8) a composite number?
False
Let l(f) = 3*f**2 - 143*f + 1634. Let k be l(29). Let n(r) be the second derivative of r**5/10 + r**4/2 - r**3 + 21*r**2/2 - r. Is n(k) a composite number?
True
Suppose 3560439 = -42*b + 8613333. Is b a prime number?
False
Suppose -k + 324660 = 3*q, 0 = -4*q - 0*q + 5*k + 432899. Is q a composite number?
True
Let u be (-4 - -8) + (4/4)/1. Is 19408/u + (-105)/175 a prime number?
True
Suppose 621*x = 623*x - 10, 6*g - 4*x - 4794598 = 0. Is g a prime number?
True
Let n be (-364)/(-6)*1365/(-70). Is (1/(-4) + n/(-14))*52 prime?
False
Suppose -3*j - j = -20. Let l(u) = 38*u + 21. Is l(j) a prime number?
True
Let d(y) = -2248*y - 293. Is d(-24) composite?
True
Let x = 4 - -1. Suppose -2*u = -x + 1. Suppose -u*t - 4*l = -818, -3*t - 6*l + 1226 = -l. Is t a prime number?
False
Let u be (0 - -10)/(1/((-4)/(-8))). Suppose -5*y + 2*y - 4*v = -20, 0 = -u*v + 10. Suppose -3*a + 7 = 10, 0 = y*j - 4*a - 6176. Is j composite?
False
Suppose -29*d + 22*d + 267827 = 0. Is d composite?
False
Let r(o) = -405*o**2 + 71*o - 300. Let p be r(4). Let z = p + 12613. Is z prime?
False
Let p(l) = 8*l**2 - 67*l + 709. Is p(45) composite?
True
Suppose h + 0*m - 2*m = 0, -h = 2*m - 12. Suppose 3*t - h = -0*t. Is t/(-4) - 20943/(-18) a composite number?
False
Let w = -595 + 1318. Let n = w - 464. Is n composite?
True
Let t(q) = 15*q**2 - 4*q + 2. Suppose -k - d = -5*k - 22, 2*d = 3*k + 19. Let v be t(k). Suppose -5*u + v = -2368. Is u a composite number?
True
Suppose -221*t + 17771 = -208*t. Is t + 4 + -11 + 1 prime?
True
Let m be (-4)/(-10) - (-48)/30. Suppose -2*r + 5*f + 11 + 14 = 0, 3*r = 5*f + 25. Suppose -m*w + 2*h + 410 + 2734 = r, -4*w + 6318 = 2*h. Is w prime?
False
Let k = 112674 - 62605. Is k a prime number?
True
Suppose -5*w = x - 18, -11*w + 12 = -10*w + 3*x. Let r(i) = 704*i**3 - 4*i**2 + i - 10. Is r(w) a prime number?
False
Let y(i) = 36356*i + 333. Is y(14) composite?
False
Let a(u) = -1326*u**2 + 1 - u - 1333*u**2 + 2745*u**2. Suppose 4*d = -d + 5. Is a(d) prime?
False
Suppose 0*i + 4*b = 5*i + 315, -5*b = 3*i + 189. Let a be (11 - 16)*(-134)/5. Let u = i + a. Is u composite?
False
Let z be (-18 - -8)/(6/(-57)). Suppose 5*p = 3*b + z, 0*b - 56 = -3*p + 2*b. Is p prime?
False
Let s = -78141 + 224648. Suppose -48854 = -y + 3*w, -w = -3*y - 3*w + s. Is y a prime number?
False
Is (-938)/28*(-1)/(1/1438) a prime number?
False
Let a(r) = 138 + 3*r - r**2 - 68 - 69 - 190*r**3. Let c be 24/(-16)*(-8)/(-6). Is a(c) prime?
True
Let o(f) = 11*f**2 + 3*f + 4. Let x be o(-2). Suppose 0 = -5*l - s + x, 0*l - 14 = -2*l + s. Let j(c) = 2*c**3 - 10*c**2 - 5*c + 9. Is j(l) a composite number?
False
Let m = -1958 - -419. Let w = m + 2440. Is w a prime number?
False
Is (-4)/(((-2200)/41771425)/22) a composite number?
False
Suppose -113323 = -118*v + 63559. Is v a composite number?
False
Let k(u) = -u**2 - 11*u - 6. Let p be k(-11). Is (-2*(-14511)/(-18))/(p/18) a composite number?
True
Let g(s) = 204*s**2 - 107*s - 2101. Is g(-22) prime?
False
Let l = -124620 + 198038. Is l a prime number?
False
Let v be 7855*(4/(-10))/(8/12). Let x = v + 6662. Is x prime?
True
Let g(x) = x**3 + 4*x**2 + x - 4. Let k be g(-2). Suppose -k*m + 8 = 2*m, -m = -5*y - 12. Is 3 - y*(-1329)/(-6) prime?
False
Suppose -5*y = -57233 - 33167. Suppose -y = -8*k + 14464. Let c = k - 2875. Is c composite?
False
Let k(n) = -1100*n + 2579. Is k(-70) prime?
True
Let m be 11148/(-1)*(-200)/32. Suppose 29*b - m = 14*b. Is b a prime number?
False
Let s be (2/3)/(-4*(-14)/(-168)). Is (2556 - -3)/(s/(-2)) a prime number?
False
Let v be -3 + 3 + -6 + 8. Suppose -v*m + 23924 = 2*i, -2*m = 5*i - 0*i - 59795. Is i composite?
True
Let a = -185109 + 315188. Is a a composite number?
False
Is (-2)/(-5) + (-101358)/(-36)*(-1236)/(-30) prime?
False
Let i(g) = 3*g + 33. Let q be i(-8). Let b be 18/q*1*4. Suppose -6*t - 422 = -b*t. Is t a composite number?
False
Let x(q) = -q**3 + 2*q**2 + 7*q - 4. Let d be x(3). Let v(h) = 13 - 5*h - 18*h**2 - d + 17 + 264*h**2. Is v(3) prime?
True
Suppose 0 = 10*w - 4*w + 30. Let i be 2/2*(w + 6). Is (0 + -1)*i*-409 prime?
True
Let w(j) = 742*j**2 + 4*j + 139. Is w(17) a composite number?
True
Suppose -6 = -3*t - 3*t. Is (-5906)/((t*-8)/4*1) a composite number?
False
Is 5 - (-141336 + 180/(-15)) prime?
True
Let s be 9*-1 - (-5)/(-9 - -4). Let c(t) = -2*t**3 + 7*t**2 + 5*t - 17. Is c(s) a prime number?
True
Let s be 10 + 0 + 2/(-1). Let v(t) = 95*t + 31. Let c(x) = -212*x - 63. Let n(f) = 2*c(f) + 5*v(f). Is n(s) composite?
True
Let b be ((-2)/6)/(16/(-96)). Suppose 3*v - 3139 = -2*v - 4*q, -2*v + b*q = -1270. Is v prime?
True
Suppose -106*l + 978 = -109*l. Let s = l + 504. Suppose -w - s = -471. Is w composite?
False
Let c(q) = 16266*q**2 + 56*q + 227. Is c(-6) a composite number?
False
Suppose 11*s = 3*p + 13*s - 553804, s = -3*p + 553805. Suppose -p = -15*l - 51297. Is l composite?
False
Suppose -24 = -4*d - 0*d. Let v be (3/d)/((-4)/(-72)). Suppose 134 = v*l - 7*l. Is l composite?
False
Let s(l) = -10*l - 176. Let c be s(-18). Suppose -4*k + 2*t = -1180, c*k - 1095 = 5*t + 97. Is k a prime number?
True
Suppose 0 = -5*w + 13 + 17. Suppose 4*y = w*y + 2. Is 156 + y + 4 + -4 composite?
True
Suppose -4*k + 0 = y - 1, 24 = 4*y - 4*k. Let x(f) = f + 1. Let n(z) = -80*z**2 + 9*z - 6. Let u(s) = -n(s) - 2*x(s). Is u(y) a prime number?
True
Suppose -17 - 55 = -12*c. Let k(l) = 81*l + 71. Is k(c) a composite number?
False
Let z(p) = 308456*p - 193. Is z(1) a composite number?
False
Is (-1757437)/(-55) - (5/25)/(1/2) prime?
False
Let x(u) = 163*u - 30. Let y be x(8). Let t be y/5 + -6 + (-104)/(-20). Let a = t + -1. Is a composite?
True
Let y(q) = -299*q + 24. Let l be y(-3). Let a be 3/((3 - 116/20) + 3). Is 2/(-4)*(-10)/a*l a prime number?
True
Let f = -62726 - -109135. Is f prime?
False
Suppose -3*b = 2*x - 303063, -13*b + 9*b = 3*x - 404084. Is b a prime number?
True
Let v be 22/(-8) + (-5)/20 + 5. Is (1 - v)/(19/(-410